5777*-3) composite?
False
Suppose -34103300 = -28*h + 8854104. Is h a prime number?
False
Suppose -2*f = 14, 104*g - 4*f = 107*g - 1256621. Is g composite?
False
Let d(u) be the second derivative of u**5/20 - 13*u**4/12 - 13*u**3/6 - 2*u**2 - 9*u. Let a = 44 - 29. Is d(a) a composite number?
False
Suppose -y - o = -4097, 2*y - 7562 = 3*o + 637. Suppose -3*g - 2*g - 2*i = -6837, 0 = -3*g + 3*i + y. Is g a prime number?
True
Suppose -2*d + 108950 = 3*p, 4*d - 19048 = 3*p + 198870. Is d prime?
False
Suppose 158*i - 3*x = 160*i - 3382655, -2*x = -2*i + 3382660. Is i prime?
False
Suppose 3*t - 92867 - 203615 = -2*n, -t - 444679 = -3*n. Is n composite?
False
Suppose 7*x - 22434 = 19062. Let s(k) = -k**2 + 5*k + 8. Let n be s(6). Suppose -n*q + 7*q = -3*i + x, -i + q + 1984 = 0. Is i a composite number?
True
Let t = 358190 - 227181. Is t composite?
False
Suppose -4*n = 5*y - 12899249, 525527 = -y + 5*n + 3105342. Is y composite?
True
Suppose 0 = 57*k + 24*k + 1155332 - 6336659. Is k a prime number?
False
Let q = -296 - -302. Suppose 13428 + 4686 = q*o. Is o a composite number?
False
Let m = 100 - 8. Is -4 + 176540/m + (-6)/(-69) composite?
True
Suppose 0 = 8*c - 4*c - 76. Suppose 88*z - 4440884 = -194*z + 83*z. Suppose 0 = c*d - 5*d - z. Is d a prime number?
False
Let i(x) = -21*x**2 + 2*x + 16*x**2 - 22 + 102*x**2. Let u = 149 - 154. Is i(u) prime?
True
Let m = 23 + -322. Let x = 128 - m. Is x a prime number?
False
Let h = -393 + 1059. Let i = -975 + 568. Let q = h + i. Is q a prime number?
False
Suppose 4 = -2*g - k + 9, -4*k = 3*g - 20. Suppose 174*y - 180*y + 27426 = g. Is y prime?
False
Let b(z) = -318*z + 13. Let t be b(-3). Suppose f + 955 = -h, h = 2*h + 5*f + t. Let p = -661 - h. Is p prime?
False
Let c = 71 - 62. Let t(z) = 3*z - 24. Let r be t(c). Is 19/(-57) + 7972/r a composite number?
False
Let a = 1335925 + -517271. Is a a prime number?
False
Let a(v) = -370*v + 7. Suppose 15 = 3*h - 8*h. Let k be a(h). Is -1 - (2 - k) - -3 a prime number?
True
Let s = 54 - 64. Let r be 190*(-6)/((-12)/s). Let u = r + 1351. Is u a composite number?
False
Let p be 1614/(-4)*(1 - 284/12). Let b = -5775 + p. Is b a composite number?
False
Suppose 5*p - 11 + 18 = 2*o, 3*p + 6 = 3*o. Is p - (-204170)/14 - (-6)/14 prime?
False
Let x(f) = 66310*f**2 - 86*f - 177. Is x(-2) prime?
False
Let y = 288269 + 111426. Is y prime?
False
Let u(h) = -909*h - 1402. Is u(-17) a composite number?
False
Let v(t) = t**2 + 13*t - 6. Let x be v(11). Let c = x + 611. Is c a composite number?
True
Let g(w) = 47173*w + 564. Is g(5) prime?
True
Let s(c) = 170206*c + 8. Let o be s(1). Suppose 9*u - 93909 = o. Is u composite?
False
Let v be 1/(-4)*2 + (-329)/14. Is -4 - (-5433 + v/4) composite?
True
Let a(y) = 928*y**2 + 69*y + 485. Let g(u) = -310*u**2 - 23*u - 162. Let p(r) = -2*a(r) - 7*g(r). Is p(-9) composite?
False
Let x be (-40)/15*3/2. Is 2*(2 - 2574/x) prime?
True
Let t = 932047 - 654130. Is t composite?
True
Let h be (-9678 + -9)*(-56)/(-21). Let w = h + 40611. Is w composite?
False
Suppose -2491 + 714417 = 2*d - p, 2*p = -d + 355983. Is d a composite number?
False
Suppose -5 = -l - 5*u + 3, 0 = -5*u. Suppose -5*r + 781 + 10239 = 0. Suppose 4*x - l*x + r = 0. Is x a composite number?
True
Let v = 143 + -126. Suppose v*l = 10*l + 9233. Is l a composite number?
False
Let v = 60 - -2647. Is v a composite number?
False
Let w = -50 - -56. Suppose 19868 = -w*m + 10*m. Suppose -3*a + 4*k + m = 0, -2*k = 4*a + 2*k - 6632. Is a composite?
False
Suppose 2*m - m + 4 = -3*q, -2*m + 3*q = -1. Is m + (-9 + 6 - -1737) prime?
True
Let w(r) = 24*r**2 + 6*r - 13*r - 17 + r**3 + 6*r. Let b be w(-24). Suppose 5*i - 4*j = 4705, 5*i - b*i + 1849 = 5*j. Is i composite?
False
Let u be (-7)/(35/(-10)) + 2. Let q be 2/u*-2 + 3813/3. Suppose -2*h = 4*t - q, h + 635 = 2*h + 4*t. Is h a composite number?
True
Let f = -123 + 128. Is f/2*1172/10 composite?
False
Let g(q) = 223*q**2 + 5*q - 3. Let i be g(-4). Let u = 51 - 41. Suppose -u*w = -425 - i. Is w a prime number?
True
Suppose -2*p + 4*p = 3*h - 13, -4*p - 23 = -5*h. Suppose -1325 = -4*d + h*o, 5*d = 2*d - 4*o + 1025. Is d a composite number?
True
Let b(h) be the first derivative of 1853*h**5/20 + h**4/8 - 5*h**3/6 + 3*h**2 - 2*h + 4. Let n(k) be the second derivative of b(k). Is n(1) prime?
True
Let a be 1/6*4*(-30)/(-10). Suppose -3*n + 3*t - a*t = -17, 3*n + 4*t + 8 = 0. Is 3202/n*(-44)/(-22) prime?
True
Suppose -7*t + 290109 = 4*b, -124321 = -3*t + 18*b - 14*b. Is t composite?
False
Let r be 488 + 5 - (-1 + 1). Suppose -3*a + 0*a - 2437 = -5*y, -2*a - r = -y. Suppose 3*f - 478 = y. Is f a composite number?
True
Let a(s) = s**3 - 18*s**2 - 17*s - 36. Suppose 4*o + 2*g = 4 + 74, -o + 18 = -g. Let l be a(o). Suppose -w + u = -2*w + 1437, -l*u = 0. Is w prime?
False
Let g(k) = 109*k - 44. Suppose -4*d - 32 = -4*v, 0 = -d - 2*d - 5*v - 40. Let c be g(d). Let i = -647 - c. Is i composite?
False
Let h(k) = k**2 - 8*k - 19. Let q be h(5). Let o(u) = -37*u - 107. Is o(q) prime?
True
Let r(g) = -g - 2. Let y(a) = 8687*a + 28. Let l(u) = -4*r(u) - y(u). Is l(-1) composite?
False
Suppose 76296 = 4*y + 5*v, -3*y + 38122 = -y - 4*v. Is y a prime number?
True
Let c be ((-13977)/4)/(27/72). Let j = -4521 - c. Is 6/(-24) - j/(-4) a prime number?
False
Let g(n) = 14382*n**2 + 10*n - 7. Is g(-3) composite?
False
Let t(f) be the third derivative of 1/4*f**5 + 1/120*f**6 + 3*f**2 + 0*f - 11/24*f**4 - 10/3*f**3 + 0. Is t(-15) composite?
True
Suppose 394*n - a = 390*n + 15935989, 0 = -5*n - 2*a + 19920009. Is n a prime number?
True
Let s = -6711 + 10660. Suppose 200*t = 201*t - s. Is t a composite number?
True
Suppose -33756 = -78*p + 66*p. Suppose -7*l + 4110 = -p. Is l prime?
False
Suppose -5*t + 3*c - 4*c + 21 = 0, c = 4*t - 24. Suppose -2399 = -t*i - j, 4*i - 3*j - 1745 - 159 = 0. Is i a prime number?
True
Let r = -20 + 22. Suppose r*s = s + 718. Is s composite?
True
Let b(k) = 9*k**2 - 13. Let w(c) = -c**3 + 10*c**2 + 2*c - 13. Let q(x) = 5*b(x) - 4*w(x). Is q(6) a prime number?
True
Suppose 1646*r = 1668*r - 219890. Is r prime?
False
Let i(z) = 269*z**2 - 19 - 197*z**2 + 5 - 15*z - 11. Is i(-8) prime?
True
Let n = 8142066 - 3896063. Is n a prime number?
True
Suppose 3*m - 3192 = 3*t + 4953, 4*m - 2*t - 10868 = 0. Suppose -w - 740 + m = 0. Is w a prime number?
True
Suppose 0 = 5*g + 5*u - 38260, 6*g + 4*u - 38257 = g. Suppose -4*b + 15309 = f, b - 5*f - g = -b. Suppose 0 = -4*r - b + 11071. Is r a prime number?
True
Suppose 0 = 5*w - 3*q - 5603488, 5*w + 62*q = 61*q + 5603484. Is w a prime number?
False
Let d(l) = -6044*l**3 - 6*l**2 + 6*l - 2. Let x(m) = 2015*m**3 + 2*m**2 - 2*m + 1. Let s(n) = 4*d(n) + 11*x(n). Let f be s(-1). Let t = 3149 - f. Is t prime?
False
Let v(r) = -615*r**2 + 9*r - 3. Let q(n) = -307*n**2 + 5*n - 2. Let t(l) = 5*l + 22. Let m be t(-5). Let j(i) = m*v(i) + 5*q(i). Is j(-1) a prime number?
True
Let q(y) = -y**2 - 6*y - 3. Let j be q(-5). Suppose 0 = -g + 5*c + 437, 3*g - 1269 = -c + j*c. Suppose 0 = i - g - 125. Is i a composite number?
False
Is 66/(-550)*5 + 188738/5 composite?
False
Is ((-2792104)/280)/(2 + (-22)/10 + 0) a prime number?
False
Let f = -4352 - -17372. Let h = f + 2107. Is h a prime number?
False
Let q(t) be the second derivative of 2*t**5/15 - t**4/12 - 8*t**3/3 + 2*t. Let m(l) be the second derivative of q(l). Is m(4) a composite number?
True
Suppose h = -1 + 1. Suppose -2*z + 602 = j, -4*j + 3*z + 0*z + 2353 = h. Let r = j + 223. Is r prime?
False
Let o(z) = -741*z - 101. Is o(-3) prime?
False
Let k = -92 - -94. Suppose m + 6*q = q + 506, 3*m = -k*q + 1505. Suppose p = -5*s + 3420, 2*s + 2*p - 875 = m. Is s a composite number?
False
Let v(l) = -8*l**3 - 86*l**2 - 15*l + 320. Is v(-31) composite?
False
Let o be 7*(8 - (0 - -3)). Suppose 0*k + 4*k + q = -112, k = -2*q - o. Let y = k + 58. Is y prime?
True
Let r = 108298 + -63186. Suppose 55669 = 31*q - r. Is q a prime number?
True
Suppose -2*u + 12220 = 5*h + 3*u, 4*h + 2*u - 9784 = 0. Let j be h + -5 - 1 - 0. Let f = j + 761. Is f a composite number?
False
Suppose -559*b + 546*b = -272909. Is b a prime number?
False
Suppose 2*k + 3668 = -2*q + 18700, 5*q - 15047 = -2*k. Suppose o + k = 3*j, 4998 = j + j + 4*o. Is j a composite number?
False
Let y(t) = 22172*t - 27